7. Calculate l(-5).
6528
Let d(i) = -195*i - 42947. Calculate d(-220).
-47
Let j(z) = z**2 - 683*z + 24856. Give j(644).
-260
Let u(d) = -7509*d + 120159. Give u(16).
15
Let b(f) = f**2 - 7106*f + 1594776. What is b(232)?
8
Let v(i) = -48*i**3 + 11*i**2 + 66*i - 138. Determine v(2).
-346
Let v(f) = -797054*f + 4782318. What is v(6)?
-6
Let z(x) = 3*x**3 - 5*x**2 + 78*x + 97. Determine z(-1).
11
Let z(p) = 19*p**3 - 11188*p**2 - 1778*p + 6484. Determine z(589).
5
Let x(g) = g**3 + 498*g**2 - 998*g + 987. What is x(-500)?
-13
Let o(i) = i**3 - 19*i**2 - 10*i - 2618. Calculate o(24).
22
Let t(x) = x**2 - 472*x + 3165. What is t(7)?
-90
Let d(f) = -2*f**3 - 20*f**2 + 1839*f + 13178. Determine d(-7).
11
Let t(n) = 14299*n + 243166. Determine t(-17).
83
Let o(x) = 82*x + 5539. Give o(-66).
127
Let n(c) = c**3 + 38*c**2 - 543*c - 335. What is n(-49)?
-139
Let p(b) = 11*b**2 + 1534*b + 8812. Calculate p(-6).
4
Let u(l) = 1936*l**2 + 69694*l - 62. Give u(-36).
10
Let z(o) = -2*o**3 + 63*o**2 - 490*o - 54. Calculate z(16).
42
Let q(n) = 376*n**2 - 5932*n + 4335. What is q(15)?
-45
Let r(g) = 3*g**3 - 392*g**2 + 1393*g - 91. Calculate r(127).
-599
Let d(p) = -p**2 + 197*p - 5316. Give d(158).
846
Let l(j) = -j**3 + 2429*j**2 + 63822*j - 168. What is l(-26)?
40
Let a(g) = -5*g**3 - 1586*g**2 - 88*g + 72592. What is a(-317)?
-1
Let z(r) = 22614*r - 113058. Calculate z(5).
12
Let i(y) = y**2 + 499*y - 32298. Calculate i(61).
1862
Let u(g) = 6699*g - 20183. Give u(3).
-86
Let y(c) = 60*c**2 - 7*c - 135. What is y(-2)?
119
Let l(v) = -36*v + 1333. Determine l(47).
-359
Let u(l) = 279*l**2 + 2719*l + 2043. Determine u(-9).
171
Let m(o) = -19*o**2 + 9*o + 144. Give m(-7).
-850
Let x(o) = -2217*o + 33309. Give x(15).
54
Let o(q) = 2381*q + 8263. Give o(-3).
1120
Let l(k) = 13*k**3 + 196*k**2 + 214*k - 156. Determine l(-14).
-408
Let n(v) = -326*v**2 + 7135*v + 800. What is n(22)?
-14
Let f(v) = -5*v**3 - 10*v**2 - 8*v + 27. Give f(-6).
795
Let v(g) = -10*g**3 + 23*g**2 + 12*g - 24. Determine v(3).
-51
Let t(n) = n**3 - n**2 + 2295*n - 9202. Determine t(4).
26
Let b(j) = -379*j - 34525. Determine b(-91).
-36
Let k(u) = -111*u**2 - 2066*u - 9026. Calculate k(-7).
-3
Let q(a) = 493*a - 35015. Give q(71).
-12
Let j(y) = 1665339*y - 34972119. Calculate j(21).
0
Let i(d) = -3*d**3 - 71*d**2 + 1963*d - 33. Calculate i(-40).
-153
Let n(b) = -2*b**3 + 42*b**2 - 210*b - 67. Give n(14).
-263
Let z(l) = 1263*l**2 + 30349*l + 30. What is z(-24)?
-858
Let j(u) = 2*u**2 + 59*u + 49. Calculate j(-9).
-320
Let d(f) = f**3 + 21*f**2 + 326*f + 2655. Calculate d(-12).
39
Let f(i) = -3*i**2 + 111*i + 3082. Determine f(-22).
-812
Let f(i) = 5*i**2 - 1632*i - 7625. Give f(331).
-12
Let x(w) = -28394*w + 14338971. What is x(505)?
1
Let w(f) = -2280*f - 889225. Calculate w(-390).
-25
Let a(f) = -607*f - 3981. Calculate a(-6).
-339
Let h(b) = 6*b**2 - 1097*b + 1772. Calculate h(182).
862
Let b(n) = 2345*n**2 + 4570*n - 237. Give b(-2).
3
Let c(g) = 51126*g + 460152. Give c(-9).
18
Let v(f) = -862*f + 54519. What is v(63)?
213
Let c(o) = 499*o**2 + 2721*o + 1136. What is c(-5)?
6
Let t(n) = 2*n**2 - 241*n + 6641. What is t(43)?
-24
Let x(d) = -d**3 + 23*d**2 + 495*d + 1841. Calculate x(-9).
-22
Let t(v) = -2*v**3 + 94*v**2 - 1078*v - 347. What is t(21)?
-53
Let z(k) = 2*k**3 - 23*k**2 - 165*k + 2008. What is z(11)?
72
Let r(v) = 7*v**2 + 790*v + 15117. Determine r(-24).
189
Let s(r) = -r**2 - 1801068*r + 14408600. Determine s(8).
-8
Let i(u) = 30*u**2 - 9404*u + 9406. Calculate i(1).
32
Let g(p) = -85*p**3 - 6204*p**2 + 78*p + 368. Calculate g(-73).
3
Let q(d) = -168*d + 40920. What is q(243)?
96
Let v(a) = 44*a**2 + 1138*a + 517. Give v(-25).
-433
Let g(i) = 210*i + 6717. Determine g(-33).
-213
Let j(a) = -5968*a - 46783. What is j(-8)?
961
Let u(x) = x**3 + 64*x**2 + 340*x + 203. What is u(-58)?
667
Let y(m) = -906*m + 389598. Calculate y(430).
18
Let w(j) = 340798*j - 1022438. Determine w(3).
-44
Let n(y) = -12*y**2 + 519*y + 120166. Give n(124).
10
Let u(w) = 23*w - 227. What is u(90)?
1843
Let q(b) = 36*b**3 - 393*b**2 - 5*b - 340. Give q(11).
-32
Let i(k) = k**3 - 121*k**2 - 564*k + 23829. Give i(124).
21
Let q(m) = m**3 - 41*m**2 + 451*m - 28144. Give q(45).
251
Let b(k) = k**3 + 35*k**2 + 606*k + 2595. What is b(-6)?
3
Let f(o) = 42*o**3 + 9073*o**2 + 213*o - 389. Calculate f(-216).
259
Let v(h) = h**2 + 834*h - 261842. Calculate v(243).
-131
Let g(h) = 30329*h + 92304. What is g(-3)?
1317
Let h(a) = -a**2 - 95*a + 19112. Give h(102).
-982
Let m(i) = 179*i**2 + 189*i - 341. Calculate m(-2).
-3
Let l(i) = -4*i**2 + 622*i - 19206. What is l(113)?
4
Let h(j) = -2*j**2 - 9174*j + 165823. Give h(18).
43
Let s(h) = -h**2 + 28704*h + 574496. Calculate s(-20).
16
Let a(w) = -w**3 + 25*w**2 - 83*w - 656. Determine a(10).
14
Let a(r) = -3541*r**2 + 455*r + 1. Calculate a(1).
-3085
Let a(v) = 2*v**3 - 48*v**2 + 139*v - 14. What is a(4)?
-98
Let i(h) = 10203*h - 61087. Calculate i(6).
131
Let b(i) = -94575*i - 95036. What is b(-1)?
-461
Let j(b) = 3443028*b - 13772112. Determine j(4).
0
Let z(v) = -1780688*v - 19587595. Determine z(-11).
-27
Let q(j) = -j**3 - 150*j**2 - 5599*j + 130. Calculate q(-80).
50
Let d(s) = -27156*s - 1982623. Give d(-73).
-235
Let m(i) = 174379*i - 173934. Give m(1).
445
Let w(h) = -2823*h + 73393. Calculate w(26).
-5
Let x(f) = 378104*f + 24576760. Determine x(-65).
0
Let m(v) = -25*v**2 + 6165*v + 2046. What is m(247)?
-424
Let m(o) = o**3 - 63*o**2 - 889*o - 927. Give m(75).
-102
Let w(j) = -21*j**3 + 296*j**2 - 179*j + 2143. Calculate w(14).
29
Let x(v) = 2*v**3 + v**2 + 22749*v + 91100. What is x(-4)?
-8
Let k(c) = -2679*c + 5361. Give k(2).
3
Let y(j) = 15958*j - 1851137. Calculate y(116).
-9
Let a(d) = 42080*d - 252515. Calculate a(6).
-35
Let j(t) = -15*t**2 + 14062*t - 544468. Give j(897).
11
Let t(d) = 2*d + 1190. Determine t(246).
1682
Let j(r) = -2443*r - 662066. Give j(-271).
-13
Let x(w) = -w**3 - 240*w**2 - 1666*w - 8187. Calculate x(-233).
-32
Let y(c) = -c**3 - 374*c**2 + 144*c + 53848. What is y(-374)?
-8
Let u(c) = 710*c**3 - 51*c**2 - 21*c + 22. Determine u(1).
660
Let x(r) = 11*r**2 + 1427*r - 6291. Calculate x(-134).
7
Let o(y) = y**3 + 211*y**2 - 960*y - 288005. Calculate o(-209).
-3
Let d(j) = -24*j**2 + 2367*j - 1464. Give d(98).
6
Let k(y) = -y**2 - 221*y - 3922. Give k(-23).
632
Let i(n) = -1233*n - 477188. What is i(-387)?
-17
Let l(d) = 42*d**2 + 946*d - 8415. Calculate l(7).
265
Let p(s) = 8*s**3 + 775*s**2 - 3860*s - 7. Determine p(5).
1068
Let q(z) = z**3 - 21*z**2 + 1252*z - 31871. Give q(24).
-95
Let w(u) = -u**3 - 8*u**2 + 71*u + 225. Determine w(-13).
147
Let p(s) = -4*s**3 - 27*s**2 - 1005*s - 7092. Give p(-7).
-8
Let g(f) = f**3 - 3*f**2 - 76*f + 67. What is g(10)?
7
Let i(l) = -23*l**2 + 435*l - 316. Give i(10).
1734
Let p(s) = -27353*s - 4622668. Calculate p(-169).
-11
Let m(d) = 842*d - 15281. Give m(17).
-967
Let q(k) = -k**2 + 227931*k - 2051306. Calculate q(9).
-8
Let n(j) = -197*j - 2151. What is n(-11)?
16
Let q(m) = -m**2 + 489*m + 733203. Determine q(-646).
-7
Let f(g) = -4*g**2 - 915*g - 6005. Calculate f(-222).
-11
Let c(n) = 2*n**3 - 11*n**2 + 43*n - 281. What is c(6)?
13
Let d(p) = -1303*p + 188978. Calculate d(145).
43
Let b(m) = 362*m - 62153. What is b(172)?
111
Let i(x) = -298033*x + 1191971. Determine i(4).
-161
Let t(f) = -7950*f + 55991. What is t(7)?
341
Let p(b) = -2*b**3 - 444*b**2 - 447*b - 1104. What is p(-221)?
1
Let f(s) = 10*s**3 - 87*s**2 + 506*s - 2672. Determine f(7).
37
Let y(m) = 10403*m - 10289. Determine y(1).
114
Let w(p) = -31985*p - 4. What is w(0)?
-4
Let m(p) = -6*p**2 - 62*p - 176. Give m(-3).
-44
Let q(y) = -2*y**2 + 1125*y + 22686. Give q(582).
-12
Let g(q) = q**2 - 1449*q + 417645. What is g(397)?
1
Let p(b) = b**2 - 303*b + 11153. Determine p(259).
-243
Let w(t) = 3*t**2 + 263*t - 9214. What is w(-115)?
216
Let w(d) = 28*d**3 + 4*d**2 - 2204*d + 2200. Calculate w(1).
28
Let f(j) = 114*j + 8369. Calculate f(-75).
-181
Let z(u) = -u**3 + 18*u**2 - 14*u - 50. Determine z(18).
-302
Let r(a) = 14*a**2 - 132106*a + 132106. Give r(1).
14
Let y(m) = 102*m**2 - 516*m - 612. Determine y(6).
-36
Let r(i) = -27*i**2 - 358*i + 3264. Give r(9).
-2145
Let d(p) = -137768*p + 413286. Give d(3).
